3 - 6*f - 1/20*f**5 + 0. Calculate a(c).
2
Let b(x) = x**2 + 6*x - 1. Let v = 55 - 44. Suppose -7*a - v = 31. What is b(a)?
-1
Suppose -2*a + 18 = 4*a. Let s(m) = 7*m - 3 + 0 + m**2 - a + 0. Calculate s(-6).
-12
Let z(r) = r**2 - 1. Let i(u) = 7*u + 75. Let f be i(-11). Give z(f).
3
Let n(z) = 11*z - 4. Let y(w) = -20*w + 7. Let c(x) = -5*n(x) - 3*y(x). Give c(-1).
-6
Let r(l) = -l**3 - 10*l**2 - l - 6. Let h = -64 - -66. Suppose 0*y = -h*y - 4*b - 24, y + 5 = 5*b. Calculate r(y).
4
Let i(t) be the third derivative of -t**4/12 + 10*t**3/3 + 26*t**2 - 5*t. What is i(7)?
6
Let l(d) = -1 + 4*d**2 - 5*d**2 - 3*d - 2*d**2. Suppose -22*o + 8 = -26*o. Determine l(o).
-7
Let i(u) be the first derivative of 3*u**3 + u**2 + u + 2. Let b = -25 + -2. Let h = 26 + b. Give i(h).
8
Let o(v) = v**2 - 6*v - 10. Let h(s) = -1. Let i(f) = 6*h(f) - o(f). Determine i(4).
12
Let b(v) be the third derivative of v**5/30 - v**3/6 + v**2. Suppose -22 = 8449*f - 8460*f. What is b(f)?
7
Suppose -97*w + 208 = -19*w - 26*w. Let r(v) be the second derivative of -1/4*v**4 - 2/3*v**3 + 1/20*v**5 + 0 + v + 2*v**2. Calculate r(w).
4
Let r(h) be the second derivative of 5*h**3/6 + h**2/2 + h + 76. Let f(j) = j**3 - 7*j**2 + 5*j + 5. Let g be f(6). Determine r(g).
-4
Let m(z) = 2*z**3 - 12*z**2 - 9*z - 8. Let q(l) = l**3 - 7*l**2 - 4*l - 5. Let b(r) = -3*m(r) + 7*q(r). Give b(13).
-24
Let l(h) be the third derivative of h**3/6 + 355*h**2. Let z(s) = 5 - 3*s - 16 + 2*s. Let r(w) = -2*l(w) - z(w). Calculate r(0).
9
Let y(h) be the second derivative of -1/20*h**5 + 5/2*h**2 + 3*h - 2/3*h**3 + 0 - 1/2*h**4. Let j be (4 + -2)*10/(-4). Determine y(j).
0
Suppose 22*q - 23*q - 8 = 0. Let z(v) = -v**3 - 7*v**2 + 8*v + 4. Give z(q).
4
Suppose -4*p + 2 = -10. Let o(y) be the first derivative of 4*y + 21 + 1/4*y**4 - 2/3*y**3 - 3/2*y**2. What is o(p)?
4
Suppose 55 - 82 = 3*m. Let j(u) be the second derivative of -u**3/6 - 11*u**2/2 - 6*u. Calculate j(m).
-2
Let k(y) = 5*y**3 - 14*y**2 + 14*y - 9. Let g(v) = 2*v**3 + 4*v + 48*v**2 - 3 - 53*v**2 + v + 0*v**3. Let l(a) = 8*g(a) - 3*k(a). Calculate l(-3).
0
Let v be (-2)/(-8) - (-126)/72. Let u(f) = 10*f**3 - 3*f**2 - 2*f - 9*f**3 + 4 + 0*f**v. Determine u(3).
-2
Suppose -4*t - w = -32, 0 = 4*w - 6*w + 8. Let s(b) = -b**2 + 9*b - 5. Calculate s(t).
9
Let a(p) be the first derivative of -2*p**3/3 - 9*p**2 - 8*p - 484. What is a(-9)?
-8
Suppose 0 = -a - 5*b - 4 + 2, -4*a + 15 = -3*b. Let u(z) = 7 + 1 - 5*z - 3 - a*z**2. Let v(n) = 4*n**2 + 6*n - 6. Let c(w) = -7*u(w) - 6*v(w). Give c(-2).
-9
Let x(t) = -t + 6. Let i be x(7). Let r(n) = -11*n - 61. Let y(o) = -21*o - 107. Let g(l) = 7*r(l) - 4*y(l). What is g(i)?
-6
Suppose -3*v + v + 12 = 0. Let l be 23/7 + (-16)/56. Let o(i) = 2*i**2 - 6 - 4*i**l + 3 + 4*i**2 + 3*i**3. What is o(v)?
-3
Let r(z) = -z**3 - 12*z**2 + 10*z - 64. Let i be r(-13). Let q(j) = -2*j - 48. Give q(i).
2
Let x(o) be the second derivative of o**4/12 + 5*o**3/6 - 3*o**2/2 - 6*o - 2. Determine x(-8).
21
Let l(m) = m**2 + 2*m - 2. Let a(t) = -95*t**2 - t + 1. Let n be a(1). Let q = -67 - n. Let z be (2 - q/8)*2. Calculate l(z).
1
Let x(i) = -5*i + 3. Let g be x(2). Let z = -9 - g. Let q(t) = -t**2 - 3*t**3 + 38 + 4*t**3 - 2*t - 40. What is q(z)?
-10
Let d(t) = -4*t - t**2 - 12*t - 6 + 14*t - 7*t. Give d(-8).
2
Let g be (-51)/15 - (-2)/5. Let y(k) = 2*k - 2. Let h be y(g). Let m(n) = 5*n + 3 - 13*n + 0*n**2 - n**2. Calculate m(h).
3
Let a(r) = -8*r - 9. Let s(v) = v + 1. Let k(z) = a(z) + 7*s(z). Determine k(3).
-5
Let k be 1 + (-15 + -1)/(-4). Suppose -3*r + 10 + k = 0. Let v(x) = x**2 + 4 + r*x - 3*x - 2*x - 3*x. Give v(3).
4
Let g(m) = m**2 - 5*m - 5. Let h(u) = u**3 + 5*u**2 + 6*u + 8. Let x be h(-4). Suppose -3*i - 8 + 26 = x. What is g(i)?
1
Let x(c) be the first derivative of -c**2/2 + 8*c + 5. Suppose -31*d - 6 = -32*d. Calculate x(d).
2
Let s be ((-8)/5)/((-1)/5). Let c(m) = 2 + s - 8 + m. What is c(0)?
2
Let y(i) = i**2 + i + 3. Let b(t) = -257*t**3 - 6*t - 5*t**2 - 2*t**2 + 256*t**3 + 3. Let f be b(-6). Determine y(f).
15
Let z be ((-12)/(-10))/((-4)/(-10)). Suppose 21 = -0*t + z*t. Let w = t + -6. Let n(j) = 2*j**2 - j + 1. Give n(w).
2
Let q(h) = -h**3 - 4*h**2 + 4. Let w(s) = -2*s + 20. Let k be w(12). Let f be q(k). Let r(y) = 4*y**2 - 6*y - f*y**2 - 2*y**2 + 2 + y**2. Determine r(-6).
2
Let l(r) = -r**3 + 2*r**2 + 2. Suppose 0 = 3*j + 2*n, 3*j + n - 5 = -8. Calculate l(j).
18
Let b(s) = -32*s - 5. Let d(z) = -z - 1. Let i(g) = b(g) - 6*d(g). Give i(-1).
27
Let z(u) = -13*u + 9. Let s(b) = -40*b + 30. Let c(o) = -3*s(o) + 10*z(o). Determine c(1).
-10
Suppose 3*w = 10*b - 14*b + 56, -3*b + 42 = -2*w. Let j(p) = -p**2 + 11*p + 32. Calculate j(b).
-10
Suppose -s + 5*z - 2 = 0, 3*s - 14 + 2 = -3*z. Let n(u) = 3*u**2 - 2*u - 1. Let c(l) = 2*l**2 - 2*l. Let d(r) = -4*c(r) + 3*n(r). Determine d(s).
12
Let v(x) = x**3 - 15*x**2 + 13*x + 19. Suppose -3*c = -23 - 19. Determine v(c).
5
Let r(z) = -5 - 1 - 3 - 8 + 1 + 3*z. Calculate r(-7).
-37
Let u be (-2)/(-3) - (-6)/18. Let m(b) = u - 4*b + b + 5*b - b. Let i(s) = 5*s - 1. Let g be i(1). Give m(g).
5
Let i(o) = -2*o - 12. Let h = -194 + 104. Let n = 81 + h. Give i(n).
6
Let y(n) = n**2 - 4*n + 2. Let t(m) = -m**2 - 1. Let j be t(2). Let z be 3*j/20*-4. Give y(z).
-1
Let u(p) be the first derivative of p**2/2 - p + 160. What is u(12)?
11
Let w be 1/(27/30 - 1). Let x = 12 + w. Let h(n) = -x*n - n - 2*n. Calculate h(2).
-10
Let t(c) = 9*c**2 - 18*c + 21. Let r(q) = -11*q**2 + 18*q - 22. Let o(g) = 5*r(g) + 6*t(g). Let v be o(-19). Let f(x) = -x**2 - 2*x. Determine f(v).
-3
Suppose 2*r + r = 6. Let c(l) = -5*l - 1 - 11149*l**2 + 7 + 11145*l**2. Let h(u) = 5*u**2 + 6*u - 7. Let b(a) = 4*c(a) + 3*h(a). Give b(r).
-5
Let d(t) = t + 26. Let i = -1528 - -1507. What is d(i)?
5
Let y(q) be the first derivative of -q**3/3 - 5*q**2/2 + 3*q - 118. Calculate y(-4).
7
Let p(u) = u**3 + 23*u**2 + 45*u + 62. Let d be p(-21). Let f(c) = c**3 + c**2 - 3*c - 3. Calculate f(d).
0
Let b(u) = 4*u**3 + 2*u**2 - 1. Let w be b(1). Let t(y) = 2*y**3 + 5*y - 5*y**2 - y**2 + 2*y**3 - 3*y**3 - 2. Give t(w).
-2
Suppose -10*x = -558 + 448. Let m(y) = -3*y + 41. Give m(x).
8
Let h(i) = 7*i + 25. Let w be h(-4). Let d(r) be the first derivative of -r**4/4 - 4*r**3/3 - 3*r**2/2 - 2. Calculate d(w).
0
Let n be (-9)/12 - (-9)/12. Let p(g) = 2 + 3*g + n + 0*g + 1. Let s be (-44)/11 + 2/2. Determine p(s).
-6
Let v(p) be the first derivative of p**2 - p - 29. Determine v(-2).
-5
Let q(j) = 43*j**2 - 7*j - 5 + 38*j**2 - 82*j**2. Give q(-4).
7
Let s = -86 + 89. Let k = 3 + 0. Let h(l) = 0*l**2 - 4*l + 3*l - 3*l**k + 6*l**2 + 4*l**s - 2. What is h(-6)?
4
Let w(n) = -n**2 + 5*n. Suppose 4 + 76 = 8*o. Let i be (-66)/(-14) + o/35. Determine w(i).
0
Let l(j) = -2. Let v(c) be the third derivative of c**4/8 - c**3/2 - c**2. Let p(b) = -2*l(b) + v(b). Give p(-5).
-14
Let h be (6/7)/(2/14). Suppose -7*v + h*v = -2. Let k(y) = y**3 - 3*y**2 + y + 1. Calculate k(v).
-1
Let m = 2 - 2. Suppose -3*q - d = -11, q + d = -m*d + 5. Suppose -q*k + 3*w = -12, -k + 3*w + 6 = -8. Let y(h) = -7*h. Give y(k).
7
Let l(p) = -2*p**3 + 2*p**2. Let f be 3 + (-5 - -2)*-1. Let m be (10/(-15))/((-2)/f). Calculate l(m).
-8
Let p be ((-195)/52)/(45/(-18))*42/9. Let w(s) = 10 - 2*s + s - 1. Determine w(p).
2
Let x(q) be the third derivative of q**6/360 - q**5/20 - 11*q**4/24 + q**3/6 + 5*q**2. Let f(p) be the first derivative of x(p). Calculate f(8).
5
Let j(n) = 13*n**3 - n**2 + 3*n + 4. Let t = -46 - -42. Let v(u) = -25*u**3 + 2*u**2 - 5*u - 7. Let l(c) = t*v(c) - 7*j(c). Suppose 1 + 0 = -o. Give l(o).
-9
Let b(u) = 21 + 21 + 14*u - 2*u**2 - 35. Let k be b(7). Let z(j) = -j**3 + 7*j**2 + j - 8. Determine z(k).
-1
Let o be 14/(-4) - 2/(-4). Let w = 43 + -43. Let u = w + o. Let t(x) = x**2 + 4*x + 3. What is t(u)?
0
Let d(z) = -z**2 + 4*z + 3. Suppose b - q = 2, -8*b = -6*b - q - 7. Determine d(b).
-2
Let n(w) be the first derivative of -11*w**2/2 - 2*w + 77. Calculate n(-2).
20
Let b be (-76)/(-16) - (-3)/(-4). Let d be (-2 - b)*3/6. Let o(t) be the third derivative of -t**6/120 - t**5/15 - t**4/12 - t**3/2 - 6*t**2. Calculate o(d).
-6
Let u(h) = 4*h + h + 0*h - 3 - 9*h + 3*h. What is u(5)?
-8
Let b be 20/(-30)*((-189)/14 - -6). Let g(m) = -4